38
Let w(b) be the first derivative of b**4/24 + b**3/6 - 18*b**2 - 74. Let m(n) be the second derivative of w(n). Calculate m(-7).
-6
Let d(q) = 116*q + 11. Let x(u) = 291*u + 23. Let f(j) = -5*d(j) + 2*x(j). What is f(5)?
1
Let m be -1 - (28/(-7))/(-4). Let q(a) be the second derivative of 0 + 1/6*a**4 - 4*a + 1/20*a**5 + 1/2*a**3 + 0*a**2. What is q(m)?
-6
Let u(y) be the second derivative of -y**5/20 + 11*y**4/12 - 3*y**2 + 7*y. Suppose -35*a + 77*a - 462 = 0. Give u(a).
-6
Let z(o) be the first derivative of -1/2*o**2 - 6*o + 198. Let l = -21 - -9. Give z(l).
6
Let k = 0 + 2. Let d(b) = 318*b - 318*b + 12805*b**2 - 12801*b**2 + 2. Give d(k).
18
Let k(p) = -p**2 + 9*p + 39. Let l be (-1005)/804 - (-7)/(-12)*3. Determine k(l).
3
Suppose -4*f - 4*l - 4 = 0, f = -f - 5*l - 8. Let k(a) = 2*a**2 + 13*a - 5. Let s(w) = -2*w + 1. Let u(h) = f*k(h) + 6*s(h). Determine u(-1).
2
Let w(f) = 31*f + 556. Let a be w(-18). Let q(t) = 5*t**3 - t + 1. Calculate q(a).
-37
Let w(c) = -c**2 - 8*c - 6. Let j be (-7 + 2 + 1)/((-22)/286). Suppose -38*a + j*a + 70 = 0. Determine w(a).
9
Let f(r) be the second derivative of -263*r - 2 + 1/4*r**4 - 1/20*r**5 + r**2 - 1/3*r**3. Let d = 1 - -1. Calculate f(d).
2
Let a(u) = 7*u**2 + u**3 + 356937 + 0*u - 4*u - 356962. Calculate a(-8).
-57
Let o(t) = -6*t**2 + 1. Let u(j) = 23*j**2 - 4*j - 10. Let d(g) = 4*o(g) + u(g). Determine d(-1).
-3
Let x(p) = p**3 - 24*p**2 - 51*p + 5. Let r = 8307 + -8281. What is x(r)?
31
Let s(f) = 2*f**2 - 35*f - 1. Let v be s(18). Suppose -v*j + 54 = -44*j. Let t(b) = b**3 + b**2 - 2*b. What is t(j)?
0
Let b(r) = 2*r**3 + 75*r**2 - 64*r - 26. Let n(y) = y**3 + 36*y**2 - 32*y - 14. Let p(a) = -2*b(a) + 5*n(a). Calculate p(-31).
13
Let q be 19/(-57) - (-57)/9. Let t(c) = 10*c - 10 - c**2 + 5*c - 5*c. Let b(l) = l**2 - 11*l + 11. Let g(h) = 4*b(h) + 5*t(h). Give g(q).
-6
Let f(s) = -s**3 + 9*s**2 + 2*s + 3. Suppose -4*m = 2*o - 34, 2*o - 9 = -3*m + 16. What is f(m)?
21
Let p(z) = -2*z**3 - z**2 - 1. Let g(h) = -7*h**3 + 16*h**2 + 28*h - 28. Let s(r) = g(r) - 3*p(r). Calculate s(20).
135
Suppose 34*l + 9 = 94*l - 51*l. Let b(d) = -6*d**2 - d. Determine b(l).
-7
Let m = 23195 + -23206. Let k(i) = i**2 + 14*i - 9. Calculate k(m).
-42
Let k(i) = -4*i**2 - 6*i + 11. Let t = 10707 - 10705. Give k(t).
-17
Let b = -23 + 24. Suppose -6*o = -5*o - 2. Let k(v) = -2*v**o - 1 - 10*v**2 - 7*v**2 + 12*v**2. Calculate k(b).
-8
Let p(t) = -t**2 - 2*t + 4. Let y(u) = -u**3 + 7*u**2 + 13*u + 45. Let b be y(9). Suppose -2*l = -b*r + 4*r - 4, r = -5*l - 17. What is p(l)?
-4
Let a(b) = -b**3 + 19*b**2 + 2*b - 46. Let n be 5 - ((-3)/(-2))/((-12)/112). Let f be a(n). Let p(l) = l**2 + 4*l - 2. Determine p(f).
30
Let y(i) be the third derivative of i**6/360 - i**5/20 + 5*i**4/3 - i**2 - 22. Let w(x) be the second derivative of y(x). Calculate w(10).
14
Let p(o) = -20*o + 89. Let c(q) = 14*q - 59. Let k(v) = -7*c(v) - 5*p(v). Determine k(11).
-10
Suppose -474 = -291*x + 237*x - 1500. Let l(h) = -h**3 - 20*h**2 - 18*h + 10. What is l(x)?
-9
Let i(o) = 36*o**2 - 184*o - 27. Let n(u) = -17*u**2 + 86*u + 13. Let d(h) = -6*i(h) - 13*n(h). Calculate d(4).
17
Let s = -50 + 52. Let m(f) = 6*f - 2*f**3 - 5*f - 1 + 3*f**3 + 0. Let x(b) = -2*b**3 - 4*b + 3. Let g(a) = -m(a) - x(a). Give g(s).
12
Let b(o) = -34*o**3 - 36*o**2 - 29*o - 35. Let n(k) = -12*k**3 - 13*k**2 - 11*k - 12. Let j(p) = -4*b(p) + 11*n(p). Give j(2).
34
Let z(l) = -22*l + 39. Suppose 21*a - 54*a + 43 = -56. Determine z(a).
-27
Let m(b) = -b**2 - 14*b - 7. Suppose -d - 3*j + 11 = 0, -3 = 2*d + 2*j - 13. Suppose h - i = -19, 0 = -i + 3 + d. Give m(h).
-7
Let z(w) be the third derivative of -w**5/30 - w**4/12 - w**2 - 5*w - 87. Let j = 6 - 10. What is z(j)?
-24
Let y(q) be the third derivative of 1/60*q**5 + q - 1/8*q**4 - 5/6*q**3 + 0 - 6*q**2. Give y(6).
13
Let f(g) be the second derivative of g**4/12 + 2*g**3/3 + g**2/2 - 5887*g. Determine f(-1).
-2
Let t be (-1 - -1)/(-23 + -36 + 60). Let r(l) = l + 1. Let o(v) = -12 + v - v - 2*v. Let p(m) = -o(m) - 3*r(m). Determine p(t).
9
Let h(p) = -23*p**2 + 6*p - 34. Let w(l) = 2*l**2 - 2*l + 1. Let g(y) = h(y) + 3*w(y). Let k(m) be the first derivative of g(m). Calculate k(1).
-34
Let g(r) = r**2 - r + 73. Let o = -4455 + 4455. Calculate g(o).
73
Let b(m) = m**3 + 12*m**2 + 7. Let v be 33/(-99) + (-3)/(18/(-1364)). Suppose -9*l + v = 335. Calculate b(l).
7
Let o(b) = b**2 + 5*b - 19. Let n(s) = 8*s**3 - s - 2. Let p be n(-1). Let c be o(p). Let y(u) = 1 - c*u + 2*u + 14*u. Determine y(-5).
6
Let w = 513 + -513. Let x(d) = 2 + 0*d + 0*d + d - 2*d. Calculate x(w).
2
Let w(m) = 6. Let r(a) = -22*a + 50. Let h(n) = r(n) - 8*w(n). Calculate h(1).
-20
Let o(f) = -f**3 + 7*f**2 - 9*f + 5. Suppose 5*w = -5*t - 15, 0 = t - 3*w - 16 + 7. Suppose 15*g - 5*g - 60 = t. Calculate o(g).
-13
Let n = 1024 - 1030. Let q(c) = -c**3 - 5*c**2 + 6*c + 7. Determine q(n).
7
Suppose 4*v + 35 = j, -4*v - v + 75 = 5*j. Suppose 3*o + 3*a + 6 = 0, 3*o + j = -2*a + 10. Let l(m) = m**3 + 7*m**2 + 3*m - 2. Give l(o).
33
Let j(r) be the second derivative of -r**4/12 + 5*r**3/3 - 13*r**2 + 6332*r. Determine j(4).
-2
Let c(n) = -4*n + 63. Let m be c(2). Let j(i) = -92 + m*i**2 + 4*i + i**3 - 49*i**2 + 88. Give j(-6).
-28
Let m(k) = 6 + 3*k + 4*k**2 - 5*k**2 + 1. Let d(y) be the third derivative of -5*y**4/24 - 89*y**3/6 + 9*y**2 + 5. Let f be d(-19). Determine m(f).
-11
Let v(k) = k**2 - 11*k - 1. Let m(w) = -12*w**3 + 12*w**2 + 10. Let p(l) = -10*l**3 + 11*l**2 - l + 9. Let c(f) = -4*m(f) + 5*p(f). Let h be c(2). What is v(h)?
-29
Let b(o) = 7*o**3 + 6*o**2 - 4*o + 2. Let t(m) = -6*m**3 - 6*m**2 + 3*m - 1. Let y(g) = 6*g + 77. Let k be y(-12). Let r(u) = k*b(u) + 6*t(u). What is r(-5)?
-11
Let h(w) = w**3 - 2*w + 698*w**2 + 6*w**3 + 14 + 9*w - 707*w**2 - 6*w**3. What is h(8)?
6
Let l(m) = -m**2 - 2*m + 7. Let k be l(4). Let i = k + 29. Let j be 11/66 + (-26)/i. Let b(y) = -y**2 + y. What is b(j)?
-6
Let x = 333 + -170. Let w = x + -167. Let o(t) be the first derivative of -t**4/4 - t**3 + t**2/2 - 5*t - 2. Determine o(w).
7
Let a(k) = k**2 - 2*k - 3. Let i = 504 - 513. Let o be -5 - (-10 + (-63)/i). What is a(o)?
5
Let u(q) be the second derivative of -q**5/20 + q**4/12 - q**3/2 + 3*q**2 + 3711*q. Give u(0).
6
Let t(s) = 5397*s + s**3 + 5*s**2 - 5*s**2 + 7*s**2 + 3*s**2 + 28 - 5390*s. Calculate t(-10).
-42
Suppose 5*z - 27 = -2*l, 5*l + 4*z - 34 = 8. Let d(k) = 5*k - 2*k + k**2 + l*k + 1. Let s = -32319 - -32313. What is d(s)?
-17
Let u(n) = 46*n - 8*n + 14 - 24*n + 1 - 23*n. Calculate u(7).
-48
Suppose 4*k - 16 = 0, -3*k + 2*k - 60 = -4*x. Suppose 44 = -x*y + 220. Suppose 0 = -y*j - 24 + 2. Let z(g) = g**3 + 4*g**2 + 3*g + 1. Calculate z(j).
3
Suppose 0 = 25*a - 837 - 463. Let d(n) = 55 + 3*n + a - 110. Calculate d(4).
9
Let s(b) = -b**2 + 5*b - 2. Let h be (-1*(-1)/3)/(6/108). Suppose -4*m - h = -18. Give s(m).
4
Let a(o) = -5 - 3*o + 0*o - 1 + 4. Let d(t) be the first derivative of -t**4/4 - 16*t**3/3 - 8*t**2 - 13*t - 10. Let w be d(-15). What is a(w)?
-8
Suppose 0 = -4*n - 3*k - 94, -98*n + 94*n + 3*k - 58 = 0. Let y(q) = q**2 + 72*q + 1006. Calculate y(n).
-1
Let d = -449 + 451. Let f(l) = -1 + 1 - l - 5 - d*l. Determine f(-3).
4
Let o(x) be the third derivative of x**7/1260 - x**6/360 + x**5/120 - 239*x**4/24 + x**2 - 5*x. Let w(n) be the second derivative of o(n). Determine w(1).
1
Suppose 2*t = 5*d + 24, -2*t + 7*d = 3*d - 20. Let r be (-1)/(t/4*(-9)/(-9)). Let y(l) = -4*l - 7. Let j(s) = -s. Let q(x) = r*j(x) + y(x). Give q(-6).
5
Let y(h) = 23 + 212*h**2 + h**3 + 38 - 28*h - 53 - 213*h**2. Determine y(0).
8
Let d(c) = c. Let h(u) = -5*u - 3. Let m(f) = -f**2 + 14. Let y be m(-4). Let t(i) = y*d(i) - h(i). Determine t(-4).
-9
Let z(w) = 4*w + 7. Let m(o) = -3*o + 4. Let y(c) = 3*c - 1. Let j(d) = m(d) + 2*y(d). Let v(r) = -5*j(r) + 2*z(r). What is v(6)?
-38
Let o(d) = -2*d**2 + 15*d - 10. Let h be o(7). Let f be 4/(-6)*h - (11 + -11). Suppose 0 = -3*a + 12, f*u + a - 20 = -4*a. Let i(r) = -r + 17. Calculate i(u).
17
Let v(f) = 2*f + 65. Let u be v(-19). Let z = -29 + u. Let y(s) = 5*s + 5. Give y(z).
-5
Let c(h) = h**2 - h + 5. Let x(u) = 6*u**2 - 57*u - 19. Let n be x(10). Suppose 21 = 8*z - n. Give c(z).
17
Let a(t) = -t**3 - 3*t**2 +